{"id":38,"date":"2020-08-06T17:46:23","date_gmt":"2020-08-06T15:46:23","guid":{"rendered":"https:\/\/quartiersproximite.com\/?page_id=38"},"modified":"2025-02-26T14:37:57","modified_gmt":"2025-02-26T13:37:57","slug":"qui_sommes_nous","status":"publish","type":"page","link":"https:\/\/quartiersproximite.com\/index.php\/qui_sommes_nous\/","title":{"rendered":"Qui sommes nous ?"},"content":{"rendered":"<p style=\"text-align: center;\">L\u2019association Quartiers Proximit\u00e9 cr\u00e9\u00e9e en 1999 porte et anime deux services de m\u00e9diation sociale\u00a0(processus de cr\u00e9ation ou de r\u00e9paration de lien social et de r\u00e8glement des conflits de la vie\u00a0quotidienne) :<\/p>\n<p style=\"text-align: center;\">La m\u00e9diation sortante : les m\u00e9diateurs assurent une pr\u00e9sence en journ\u00e9e et le soir sur l\u2019espace public et dans les immeubles (de 14h \u00e0 21h).<\/p>\n<p style=\"text-align: center;\">Le Pimms M\u00e9diation de Blois, labellis\u00e9 France Services accueille les habitants pour les accompagner dans leurs d\u00e9marches d&rsquo;acc\u00e8s \u00e0 leurs droits sociaux.<\/p>\n<p style=\"text-align: center;\">Les missions des salari\u00e9s sont pr\u00e9cis\u00e9es en conformit\u00e9 avec la norme NF X 60-600 de d\u00e9cembre 2021 sur le cadre du m\u00e9tier de la m\u00e9diation sociale.<\/p>\n\n\n<figure class=\"wp-block-image aligncenter size-large\"><img fetchpriority=\"high\" decoding=\"async\" width=\"1024\" height=\"576\" src=\"https:\/\/quartiersproximite.com\/wp-content\/uploads\/2025\/02\/26022025_Photo_SiteInternet-1-1024x576.jpg\" alt=\"\" class=\"wp-image-1319\" srcset=\"https:\/\/quartiersproximite.com\/wp-content\/uploads\/2025\/02\/26022025_Photo_SiteInternet-1-1024x576.jpg 1024w, https:\/\/quartiersproximite.com\/wp-content\/uploads\/2025\/02\/26022025_Photo_SiteInternet-1-300x169.jpg 300w, https:\/\/quartiersproximite.com\/wp-content\/uploads\/2025\/02\/26022025_Photo_SiteInternet-1-768x432.jpg 768w, https:\/\/quartiersproximite.com\/wp-content\/uploads\/2025\/02\/26022025_Photo_SiteInternet-1-1536x864.jpg 1536w, https:\/\/quartiersproximite.com\/wp-content\/uploads\/2025\/02\/26022025_Photo_SiteInternet-1.jpg 1920w\" sizes=\"(max-width: 1024px) 100vw, 1024px\" \/><\/figure>\n\n\n\n<figure class=\"wp-block-image aligncenter size-large\"><img decoding=\"async\" width=\"410\" height=\"1024\" src=\"https:\/\/quartiersproximite.com\/wp-content\/uploads\/2025\/02\/Frise-historique-QP-410x1024.jpg\" alt=\"\" class=\"wp-image-1358\" srcset=\"https:\/\/quartiersproximite.com\/wp-content\/uploads\/2025\/02\/Frise-historique-QP-410x1024.jpg 410w, https:\/\/quartiersproximite.com\/wp-content\/uploads\/2025\/02\/Frise-historique-QP-120x300.jpg 120w, https:\/\/quartiersproximite.com\/wp-content\/uploads\/2025\/02\/Frise-historique-QP-768x1920.jpg 768w, https:\/\/quartiersproximite.com\/wp-content\/uploads\/2025\/02\/Frise-historique-QP.jpg 800w\" sizes=\"(max-width: 410px) 100vw, 410px\" \/><\/figure>\n","protected":false},"excerpt":{"rendered":"<p>L\u2019association Quartiers Proximit\u00e9 cr\u00e9\u00e9e en 1999 porte et anime deux services de m\u00e9diation sociale\u00a0(processus de cr\u00e9ation ou de r\u00e9paration de lien social et de r\u00e8glement des conflits de la vie\u00a0quotidienne) : La m\u00e9diation sortante : les m\u00e9diateurs assurent une pr\u00e9sence en journ\u00e9e et le soir sur l\u2019espace public et dans les immeubles (de 14h \u00e0 [&hellip;]<\/p>\n","protected":false},"author":1,"featured_media":1185,"parent":0,"menu_order":0,"comment_status":"closed","ping_status":"closed","template":"elementor_header_footer","meta":{"footnotes":""},"class_list":["post-38","page","type-page","status-publish","has-post-thumbnail","hentry"],"yoast_head":"<!-- This site is optimized with the Yoast SEO plugin v27.4 - https:\/\/yoast.com\/product\/yoast-seo-wordpress\/ -->\n<title>Qui sommes nous ? - Quartiers Proximit\u00e9<\/title>\n<meta name=\"robots\" content=\"index, follow, max-snippet:-1, max-image-preview:large, max-video-preview:-1\" \/>\n<link rel=\"canonical\" href=\"https:\/\/quartiersproximite.com\/index.php\/qui_sommes_nous\/\" \/>\n<meta property=\"og:locale\" content=\"fr_FR\" \/>\n<meta property=\"og:type\" content=\"article\" \/>\n<meta property=\"og:title\" content=\"Qui sommes nous ? - Quartiers Proximit\u00e9\" \/>\n<meta property=\"og:description\" content=\"L\u2019association Quartiers Proximit\u00e9 cr\u00e9\u00e9e en 1999 porte et anime deux services de m\u00e9diation sociale\u00a0(processus de cr\u00e9ation ou de r\u00e9paration de lien social et de r\u00e8glement des conflits de la vie\u00a0quotidienne) : La m\u00e9diation sortante : les m\u00e9diateurs assurent une pr\u00e9sence en journ\u00e9e et le soir sur l\u2019espace public et dans les immeubles (de 14h \u00e0 [&hellip;]\" \/>\n<meta property=\"og:url\" content=\"https:\/\/quartiersproximite.com\/index.php\/qui_sommes_nous\/\" \/>\n<meta property=\"og:site_name\" content=\"Quartiers Proximit\u00e9\" \/>\n<meta property=\"article:modified_time\" content=\"2025-02-26T13:37:57+00:00\" \/>\n<meta property=\"og:image\" content=\"http:\/\/quartiersproximite.com\/wp-content\/uploads\/2023\/09\/08092023_PhotoEquipe_QP.jpg\" \/>\n\t<meta property=\"og:image:width\" content=\"1920\" \/>\n\t<meta property=\"og:image:height\" content=\"1080\" \/>\n\t<meta property=\"og:image:type\" content=\"image\/jpeg\" \/>\n<meta name=\"twitter:card\" content=\"summary_large_image\" \/>\n<meta name=\"twitter:label1\" content=\"Dur\u00e9e de lecture estim\u00e9e\" \/>\n\t<meta name=\"twitter:data1\" content=\"2 minutes\" \/>\n<script type=\"application\/ld+json\" class=\"yoast-schema-graph\">{\"@context\":\"https:\\\/\\\/schema.org\",\"@graph\":[{\"@type\":\"WebPage\",\"@id\":\"https:\\\/\\\/quartiersproximite.com\\\/index.php\\\/qui_sommes_nous\\\/\",\"url\":\"https:\\\/\\\/quartiersproximite.com\\\/index.php\\\/qui_sommes_nous\\\/\",\"name\":\"Qui sommes nous ? - Quartiers Proximit\u00e9\",\"isPartOf\":{\"@id\":\"https:\\\/\\\/quartiersproximite.com\\\/#website\"},\"primaryImageOfPage\":{\"@id\":\"https:\\\/\\\/quartiersproximite.com\\\/index.php\\\/qui_sommes_nous\\\/#primaryimage\"},\"image\":{\"@id\":\"https:\\\/\\\/quartiersproximite.com\\\/index.php\\\/qui_sommes_nous\\\/#primaryimage\"},\"thumbnailUrl\":\"https:\\\/\\\/quartiersproximite.com\\\/wp-content\\\/uploads\\\/2023\\\/09\\\/08092023_PhotoEquipe_QP.jpg\",\"datePublished\":\"2020-08-06T15:46:23+00:00\",\"dateModified\":\"2025-02-26T13:37:57+00:00\",\"breadcrumb\":{\"@id\":\"https:\\\/\\\/quartiersproximite.com\\\/index.php\\\/qui_sommes_nous\\\/#breadcrumb\"},\"inLanguage\":\"fr-FR\",\"potentialAction\":[{\"@type\":\"ReadAction\",\"target\":[\"https:\\\/\\\/quartiersproximite.com\\\/index.php\\\/qui_sommes_nous\\\/\"]}]},{\"@type\":\"ImageObject\",\"inLanguage\":\"fr-FR\",\"@id\":\"https:\\\/\\\/quartiersproximite.com\\\/index.php\\\/qui_sommes_nous\\\/#primaryimage\",\"url\":\"https:\\\/\\\/quartiersproximite.com\\\/wp-content\\\/uploads\\\/2023\\\/09\\\/08092023_PhotoEquipe_QP.jpg\",\"contentUrl\":\"https:\\\/\\\/quartiersproximite.com\\\/wp-content\\\/uploads\\\/2023\\\/09\\\/08092023_PhotoEquipe_QP.jpg\",\"width\":1920,\"height\":1080},{\"@type\":\"BreadcrumbList\",\"@id\":\"https:\\\/\\\/quartiersproximite.com\\\/index.php\\\/qui_sommes_nous\\\/#breadcrumb\",\"itemListElement\":[{\"@type\":\"ListItem\",\"position\":1,\"name\":\"Accueil\",\"item\":\"https:\\\/\\\/quartiersproximite.com\\\/\"},{\"@type\":\"ListItem\",\"position\":2,\"name\":\"Qui sommes nous ?\"}]},{\"@type\":\"WebSite\",\"@id\":\"https:\\\/\\\/quartiersproximite.com\\\/#website\",\"url\":\"https:\\\/\\\/quartiersproximite.com\\\/\",\"name\":\"Quartiers Proximit\u00e9\",\"description\":\"Association Blaisoise depuis 1999 - Maison des services publics situ\u00e9e \u00e0 Blois, 11 Place Ren\u00e9-Coty\",\"publisher\":{\"@id\":\"https:\\\/\\\/quartiersproximite.com\\\/#organization\"},\"potentialAction\":[{\"@type\":\"SearchAction\",\"target\":{\"@type\":\"EntryPoint\",\"urlTemplate\":\"https:\\\/\\\/quartiersproximite.com\\\/?s={search_term_string}\"},\"query-input\":{\"@type\":\"PropertyValueSpecification\",\"valueRequired\":true,\"valueName\":\"search_term_string\"}}],\"inLanguage\":\"fr-FR\"},{\"@type\":\"Organization\",\"@id\":\"https:\\\/\\\/quartiersproximite.com\\\/#organization\",\"name\":\"Quartiers Proximit\u00e9 Blois\",\"url\":\"https:\\\/\\\/quartiersproximite.com\\\/\",\"logo\":{\"@type\":\"ImageObject\",\"inLanguage\":\"fr-FR\",\"@id\":\"https:\\\/\\\/quartiersproximite.com\\\/#\\\/schema\\\/logo\\\/image\\\/\",\"url\":\"https:\\\/\\\/quartiersproximite.com\\\/wp-content\\\/uploads\\\/2020\\\/07\\\/Logo.png\",\"contentUrl\":\"https:\\\/\\\/quartiersproximite.com\\\/wp-content\\\/uploads\\\/2020\\\/07\\\/Logo.png\",\"width\":333,\"height\":151,\"caption\":\"Quartiers Proximit\u00e9 Blois\"},\"image\":{\"@id\":\"https:\\\/\\\/quartiersproximite.com\\\/#\\\/schema\\\/logo\\\/image\\\/\"}}]}<\/script>\n<!-- \/ Yoast SEO plugin. -->","yoast_head_json":{"title":"Qui sommes nous ? - Quartiers Proximit\u00e9","robots":{"index":"index","follow":"follow","max-snippet":"max-snippet:-1","max-image-preview":"max-image-preview:large","max-video-preview":"max-video-preview:-1"},"canonical":"https:\/\/quartiersproximite.com\/index.php\/qui_sommes_nous\/","og_locale":"fr_FR","og_type":"article","og_title":"Qui sommes nous ? - Quartiers Proximit\u00e9","og_description":"L\u2019association Quartiers Proximit\u00e9 cr\u00e9\u00e9e en 1999 porte et anime deux services de m\u00e9diation sociale\u00a0(processus de cr\u00e9ation ou de r\u00e9paration de lien social et de r\u00e8glement des conflits de la vie\u00a0quotidienne) : La m\u00e9diation sortante : les m\u00e9diateurs assurent une pr\u00e9sence en journ\u00e9e et le soir sur l\u2019espace public et dans les immeubles (de 14h \u00e0 [&hellip;]","og_url":"https:\/\/quartiersproximite.com\/index.php\/qui_sommes_nous\/","og_site_name":"Quartiers Proximit\u00e9","article_modified_time":"2025-02-26T13:37:57+00:00","og_image":[{"width":1920,"height":1080,"url":"http:\/\/quartiersproximite.com\/wp-content\/uploads\/2023\/09\/08092023_PhotoEquipe_QP.jpg","type":"image\/jpeg"}],"twitter_card":"summary_large_image","twitter_misc":{"Dur\u00e9e de lecture estim\u00e9e":"2 minutes"},"schema":{"@context":"https:\/\/schema.org","@graph":[{"@type":"WebPage","@id":"https:\/\/quartiersproximite.com\/index.php\/qui_sommes_nous\/","url":"https:\/\/quartiersproximite.com\/index.php\/qui_sommes_nous\/","name":"Qui sommes nous ? - Quartiers Proximit\u00e9","isPartOf":{"@id":"https:\/\/quartiersproximite.com\/#website"},"primaryImageOfPage":{"@id":"https:\/\/quartiersproximite.com\/index.php\/qui_sommes_nous\/#primaryimage"},"image":{"@id":"https:\/\/quartiersproximite.com\/index.php\/qui_sommes_nous\/#primaryimage"},"thumbnailUrl":"https:\/\/quartiersproximite.com\/wp-content\/uploads\/2023\/09\/08092023_PhotoEquipe_QP.jpg","datePublished":"2020-08-06T15:46:23+00:00","dateModified":"2025-02-26T13:37:57+00:00","breadcrumb":{"@id":"https:\/\/quartiersproximite.com\/index.php\/qui_sommes_nous\/#breadcrumb"},"inLanguage":"fr-FR","potentialAction":[{"@type":"ReadAction","target":["https:\/\/quartiersproximite.com\/index.php\/qui_sommes_nous\/"]}]},{"@type":"ImageObject","inLanguage":"fr-FR","@id":"https:\/\/quartiersproximite.com\/index.php\/qui_sommes_nous\/#primaryimage","url":"https:\/\/quartiersproximite.com\/wp-content\/uploads\/2023\/09\/08092023_PhotoEquipe_QP.jpg","contentUrl":"https:\/\/quartiersproximite.com\/wp-content\/uploads\/2023\/09\/08092023_PhotoEquipe_QP.jpg","width":1920,"height":1080},{"@type":"BreadcrumbList","@id":"https:\/\/quartiersproximite.com\/index.php\/qui_sommes_nous\/#breadcrumb","itemListElement":[{"@type":"ListItem","position":1,"name":"Accueil","item":"https:\/\/quartiersproximite.com\/"},{"@type":"ListItem","position":2,"name":"Qui sommes nous ?"}]},{"@type":"WebSite","@id":"https:\/\/quartiersproximite.com\/#website","url":"https:\/\/quartiersproximite.com\/","name":"Quartiers Proximit\u00e9","description":"Association Blaisoise depuis 1999 - Maison des services publics situ\u00e9e \u00e0 Blois, 11 Place Ren\u00e9-Coty","publisher":{"@id":"https:\/\/quartiersproximite.com\/#organization"},"potentialAction":[{"@type":"SearchAction","target":{"@type":"EntryPoint","urlTemplate":"https:\/\/quartiersproximite.com\/?s={search_term_string}"},"query-input":{"@type":"PropertyValueSpecification","valueRequired":true,"valueName":"search_term_string"}}],"inLanguage":"fr-FR"},{"@type":"Organization","@id":"https:\/\/quartiersproximite.com\/#organization","name":"Quartiers Proximit\u00e9 Blois","url":"https:\/\/quartiersproximite.com\/","logo":{"@type":"ImageObject","inLanguage":"fr-FR","@id":"https:\/\/quartiersproximite.com\/#\/schema\/logo\/image\/","url":"https:\/\/quartiersproximite.com\/wp-content\/uploads\/2020\/07\/Logo.png","contentUrl":"https:\/\/quartiersproximite.com\/wp-content\/uploads\/2020\/07\/Logo.png","width":333,"height":151,"caption":"Quartiers Proximit\u00e9 Blois"},"image":{"@id":"https:\/\/quartiersproximite.com\/#\/schema\/logo\/image\/"}}]}},"_links":{"self":[{"href":"https:\/\/quartiersproximite.com\/index.php\/wp-json\/wp\/v2\/pages\/38","targetHints":{"allow":["GET"]}}],"collection":[{"href":"https:\/\/quartiersproximite.com\/index.php\/wp-json\/wp\/v2\/pages"}],"about":[{"href":"https:\/\/quartiersproximite.com\/index.php\/wp-json\/wp\/v2\/types\/page"}],"author":[{"embeddable":true,"href":"https:\/\/quartiersproximite.com\/index.php\/wp-json\/wp\/v2\/users\/1"}],"replies":[{"embeddable":true,"href":"https:\/\/quartiersproximite.com\/index.php\/wp-json\/wp\/v2\/comments?post=38"}],"version-history":[{"count":78,"href":"https:\/\/quartiersproximite.com\/index.php\/wp-json\/wp\/v2\/pages\/38\/revisions"}],"predecessor-version":[{"id":1389,"href":"https:\/\/quartiersproximite.com\/index.php\/wp-json\/wp\/v2\/pages\/38\/revisions\/1389"}],"wp:featuredmedia":[{"embeddable":true,"href":"https:\/\/quartiersproximite.com\/index.php\/wp-json\/wp\/v2\/media\/1185"}],"wp:attachment":[{"href":"https:\/\/quartiersproximite.com\/index.php\/wp-json\/wp\/v2\/media?parent=38"}],"curies":[{"name":"wp","href":"https:\/\/api.w.org\/{rel}","templated":true}]}}